en j(k) is divided by 13.
10
Let t = 30 - 11. Let n(p) = 15*p + 3. Suppose 5*g + 17 = 27. Calculate the remainder when n(g) is divided by t.
14
Let g(l) = -l + 4. Let f be g(0). Suppose t = -f*t. Suppose 2*v - 4*v + 2*b + 42 = t, -v - 2*b = -12. What is the remainder when v is divided by 5?
3
Let j = 387 + -372. Calculate the remainder when 37 is divided by j.
7
Let i(a) = -a**3 - 5*a**2 + 8*a + 42. Suppose 4*r - 2*z - 350 + 124 = 0, 34 = r - 5*z. What is the remainder when r is divided by i(-6)?
29
Calculate the remainder when (5335/44 + -14)/(3/8) is divided by 59.
50
Let u be -2 + 6 - 22*-1. Let d = u - 22. What is the remainder when d is divided by 1?
0
Let m = -121 - -154. Suppose m = 4*o - 27. Calculate the remainder when 57 is divided by o.
12
Let r(w) = 7*w**2 + w + 1. Let f(x) = -8*x**2 - 2*x - 2. Let h(t) = 2*f(t) + 3*r(t). Calculate the remainder when h(-1) is divided by 1*(4 + 0/1).
1
Suppose -12*s = 3*s - 3570. Calculate the remainder when s is divided by 8.
6
Let j(g) = -8*g + 2. Let b(n) = -n**3 - 29*n**2 - 30*n - 47. Let k be b(-28). Suppose -2*x + 27 = k. Calculate the remainder when j(-3) is divided by x.
8
Let k(b) = 0*b + 0*b + 8*b - 1. Suppose 24 = 3*i + 4*z, -257*z + 16 = 2*i - 252*z. What is the remainder when k(4) is divided by i?
7
Let d(p) = 32*p**3 - p**2 + 1. Let a be d(1). Suppose -3*m + m = -a. What is the remainder when 43 is divided by m?
11
Suppose -2*z - 4*z + 12 = 0. Let t = 8 + 4. What is the remainder when -3*(z - 1) + 25 is divided by t?
10
Let q(w) = w**2 - 8*w + 16. Let s be q(6). Suppose -k + 42 = s*v + 6, 3*k - v = 82. What is the remainder when 49 is divided by k?
21
Suppose 2*x - 2*q - 286 + 106 = 0, -4*q + 85 = x. Suppose a - 7 = 8. What is the remainder when x is divided by a?
14
Let r = 51 - 24. Let q(b) be the third derivative of -b**4/12 - 2*b**3/3 + 15*b**2. What is the remainder when r is divided by q(-9)?
13
Suppose 33*n - 35*n = -3*c + 25, -3*c - 2*n + 17 = 0. What is the remainder when 61 is divided by c?
5
Suppose -109 = -21*i + 101. Calculate the remainder when 37 is divided by i.
7
Let q(x) = 18*x - 4. Let l = 121 + -120. Calculate the remainder when 39 is divided by q(l).
11
Let t = -18 - -38. Suppose y - 2*v = -15, 3*y + 14 = 3*v - 19. Let w = 14 + y. Calculate the remainder when t is divided by w.
6
Suppose -5*p - 198 = -683. Calculate the remainder when p is divided by 25.
22
Suppose 0 = 4*z - 6 - 10. Suppose 0 = s - z. Let c(q) = 2*q**2 - 4*q - 1. Calculate the remainder when 56 is divided by c(s).
11
Let d(w) = 9*w - 3. Let v = -58 + 77. What is the remainder when v is divided by d(1)?
1
Let s(t) = 3*t**3. Let g be -2 - (-4)/(20/15). What is the remainder when (-3)/g*(-2 - -1) is divided by s(1)?
0
Let o(x) = 2*x**2 + 10*x + 9. Let n(p) = -2*p**2 + 16*p - 3. Calculate the remainder when n(4) is divided by o(-6).
8
Let h = 50 - 29. Let r = h - 9. Suppose 0 = 3*p + 2*o + 3*o - 63, 3*o = 0. What is the remainder when p is divided by r?
9
Let y(q) be the first derivative of -q**4/4 - 5*q**3/3 - 3*q**2/2 - 10*q - 10. Calculate the remainder when y(-6) is divided by 15.
14
Let i be -3 - 9/(27/(-12)). Let t be 3 - (i - -1) - -55. Let g = 80 - t. What is the remainder when g is divided by 9?
6
Let n(u) = 15*u + 475. What is the remainder when 678 is divided by n(-31)?
8
Suppose 5*u + 385 = -5*i, 2*i - u = u - 146. Let r = 1 - i. What is the remainder when r is divided by 7?
6
Suppose 2*m + 4 = 2*j + m, 40 = 5*j + 5*m. Calculate the remainder when 83 is divided by -10 + 27 - -1*j*1.
20
Let y(z) = 2*z - 4. Let p be ((-6)/(-4))/((-3)/(-4)). Let r be y(p). Suppose r*b + 26 = b. What is the remainder when b is divided by 7?
5
Suppose j - 5*l = -7, -j + 5*l = l + 2. Calculate the remainder when 125 is divided by j.
17
Let g be (8/10)/(50/2125). What is the remainder when 94 is divided by g/221 + 412/26?
14
Suppose 0 = 3*w + r - 318, -4*w - 16*r + 14*r = -426. Calculate the remainder when w is divided by 30.
15
Let m = 82 + -82. Suppose 3*u + m - 33 = 0. What is the remainder when 30 is divided by u?
8
Let m = -10 - -15. Let u(p) = -p**3 + 5*p**2 + 10*p + 12. Calculate the remainder when u(m) is divided by 17.
11
Suppose 3 = -3*r, x + 3*r - 10 = 2*r. Suppose -43 = 2*y - x. Let q = 44 + y. What is the remainder when 54 is divided by q?
26
Suppose 1948 = 6*u - 638. Calculate the remainder when u is divided by 9.
8
Let i(r) = -4*r**3 + 3*r + 3. Let z be -1 + 0 + (1 - 2). Calculate the remainder when i(z) is divided by 6/(-21) - 321/(-21).
14
Let v be (-1 + (-3)/(-2))*0. Suppose v = x + 2*x. Calculate the remainder when 6 is divided by (x - -1) + 9 + -6.
2
Let v(y) = 2*y**2 - 14*y - 15. Let o be v(12). Suppose 0*s = 3*s - o. Calculate the remainder when s is divided by 11.
2
Suppose -9 = s - 2*s. What is the remainder when 87 is divided by 66/s*(-9)/(-3)?
21
Let f be (1182/24)/((-3)/4 + 1). Suppose -8 + f = 9*w. What is the remainder when w is divided by 8?
5
Let b be 3/6*(8 - 0) + -166. Let j = b + 196. What is the remainder when 65 is divided by j?
31
Let v = -1043 + 1094. Calculate the remainder when 196 is divided by v.
43
Suppose 4*z + z - 270 = 0. What is the remainder when z is divided by 2/1*377/26?
25
What is the remainder when 130 is divided by 2*(-3 - 390/(-12)) - -2?
8
Suppose 0 = -2*w + 4*u + 62, 4*w + 0*u - 104 = 4*u. Calculate the remainder when -14 + 4 - 10*-7 is divided by w.
18
Let n(c) = c**2 + 3 + 2 - 12*c - 1 + 2. Let v be n(8). Let a = 40 + v. What is the remainder when 54 is divided by a?
12
Suppose 0 = 3*r + y + y - 30, 0 = 2*r + y - 19. What is the remainder when 28 is divided by r?
4
Calculate the remainder when 3816/42 - 2/(-14) is divided by 16.
11
Suppose -3*b = -2*f - 214, -3*f = 2*b + 2*f - 168. Suppose -8*i + 76 = -6*i. What is the remainder when b is divided by i?
36
Suppose 3*j = 9, 5*j = -a + 61 + 27. Suppose 0*w + 3*w = -6, a = 3*q - 5*w. Calculate the remainder when 103 is divided by q.
19
Let j be (1 - 4)/((-6)/56). Suppose -2*n + 44 + 25 = 3*w, w - j = n. Calculate the remainder when 74 is divided by w.
24
Suppose 3*q + 6*s = 3*s + 45, 0 = -4*s - 20. What is the remainder when 113 is divided by q?
13
Suppose -4*m - 61 = -477. Suppose -4*k - 3*n + 218 = 0, -3*k + 123 + 44 = 4*n. Calculate the remainder when m is divided by k.
51
Let q(g) be the second derivative of g**5/20 + 7*g**4/12 + g**3/2 + g**2/2 + 7*g. Let m = -2 + 38. What is the remainder when m is divided by q(-6)?
17
Let d(x) = x**3 + 12*x**2 - x + 17. Let y(l) = l**2 + l. Let p(u) = d(u) - 4*y(u). What is the remainder when p(-7) is divided by 26?
23
Suppose -3*c = 2*w - 126, 2*c = -2*c + 16. Suppose 30 = -r - 0*r. What is the remainder when w is divided by (1/1)/((-2)/r)?
12
Let x = -118 - -114. Let f be 4/6 + (-34)/(-3). Let k = f - x. Calculate the remainder when 61 is divided by k.
13
Suppose 0 = t - 679 + 599. Calculate the remainder when 637 is divided by t.
77
Let r(q) be the second derivative of q**3/3 - 2*q**2 + 3*q. Let t be r(5). Let v = t + 0. Calculate the remainder when 17 is divided by v.
5
Suppose -114 = 9*z - 573. What is the remainder when z is divided by 21?
9
Suppose -1 = -g - 4*f + 1, 4 = -f. Calculate the remainder when 231 is divided by g.
15
Suppose 0 = 25*q - 29*q + 260. Calculate the remainder when q is divided by 17.
14
Let m = -125 - -145. Calculate the remainder when m is divided by 9.
2
Let j(l) = 18*l**3 - 3*l + 3. Suppose 2*k = -h - 4*h + 2, 2*k - h - 2 = 0. What is the remainder when j(k) is divided by 4?
2
Let t(j) = 5*j**2 + 10*j**3 - 11*j**3 + 2*j**3 - 48 - 5*j + 28. What is the remainder when 6*(3/(-2))/(-1) is divided by t(-5)?
4
Let m(v) = v**3 + 6*v**2 - 4*v - 10. Suppose -4*p - 43 = -k, 0*p = -3*p - 2*k - 35. Let h = p - -5. What is the remainder when m(h) is divided by 4?
2
Suppose 4*n + 4*g = n - 7, 2*g + 5 = -n. Suppose 0 = n*j - 10 - 11. Let c(z) = -36*z + 2568. Calculate the remainder when c(71) is divided by j.
5
Let v = 40 - -7. Suppose 4*k - 24 = 16. Calculate the remainder when v is divided by k.
7
Let b be 804/(-102) + (-2)/17. Let p(a) = -6*a - 6. Let u be p(b). What is the remainder when (4/(-3))/(u/(-1071)) is divided by 12?
10
Suppose 5 = -2*l - x - 4*x, x - 7 = -2*l. Suppose 35 - 290 = -l*h. What is the remainder when h is divided by 13?
12
